 What are the prime factors of d?
23
Let d(a) = 4*a + 3. What are the prime factors of d(6)?
3
Let o = -10 + 14. Let i(y) = y**2 - 5*y + 6. Let t be i(o). Suppose -b - 7 = -t*b. List the prime factors of b.
7
Let i = -1 - -1. Suppose -4*u - f + 225 = i, 7*u = 3*u + 5*f + 195. Suppose 0 = 7*l - 3*l + 5*w - 70, -u = -3*l - 5*w. What are the prime factors of l?
3, 5
What are the prime factors of (-12)/20 - 233/(-5)?
2, 23
Let i = 5 + -3. Let z be (i + 1)/((-3)/(-8)). Suppose 0 = 2*y - 4*y + z. What are the prime factors of y?
2
Suppose 0 = -7*k + 4*k + 6. Suppose 5 - 17 = -k*c. Let p = c - 1. What are the prime factors of p?
5
Suppose 7*o = -117 + 1986. List the prime factors of o.
3, 89
Suppose 3*u - 35 - 385 = 0. Suppose 3*a - u = -a. List the prime factors of a.
5, 7
Let v(x) = -x**2 + 9*x + 18. List the prime factors of v(10).
2
Suppose k + k = 18. Let c = k + 10. List the prime factors of c.
19
Let h be (-12)/((-9)/(-6) + 0). List the prime factors of (4/(-3))/(h/36).
2, 3
Suppose -3*r - 3*q = r + 3, -5*q = 5. Suppose r = -3*y + 6*y - 120. Let u = -25 + y. What are the prime factors of u?
3, 5
Let t(w) = 3*w + 3 + 8 - 2*w - 2. Let r be t(-12). List the prime factors of (8/r)/(6/(-45)).
2, 5
Suppose -276 - 80 = -4*c. List the prime factors of c.
89
Let j = 32 + -24. What are the prime factors of j?
2
Suppose -3*a + 105 = 2*a. What are the prime factors of a?
3, 7
Let k = -13 - -20. Suppose k - 132 = -5*q. Suppose -q = -5*b - 2*w, -3*b + 0*w - 4*w = -29. List the prime factors of b.
3
Suppose 4*y = 7*y, -l + 2 = y. Suppose 0 = l*d + 2*x + 6, 5*d = -x + 2*x + 15. What are the prime factors of d?
2
Let k(p) be the second derivative of -p**3/6 + 5*p**2 - 7*p. What are the prime factors of k(-7)?
17
Let q(j) = 4*j**2 + 11*j + 17. List the prime factors of q(-7).
2, 17
Suppose -w + 224 = -3*o + o, -5*w = o - 1087. List the prime factors of w.
2, 109
Let k = -13 + 24. Let g = -3 + k. What are the prime factors of g?
2
Suppose -3*u - 3*u = -24. What are the prime factors of u?
2
Let u = -5 + -4. Let c = u - -14. List the prime factors of c.
5
Suppose 2*f - a = 23, 5*a - 9 = 2*f - 44. Suppose 5*y - f = 35. List the prime factors of y.
3
List the prime factors of 3/(-4)*(-280)/15.
2, 7
Let r = 10 + 18. List the prime factors of r.
2, 7
Let f be -2 - -5 - (1 - -1). Let m(t) = 7*t**3 - t**2 + t - 1. Let v be m(f). What are the prime factors of v/(-21) + 102/14?
7
Let m = 4 - -4. What are the prime factors of 124/16 - (-2)/m?
2
Let x be (-1)/3 + 75/9. Suppose 0 = -3*h + 4*r, -2*r = 2*r - 12. Let i = x + h. List the prime factors of i.
2, 3
Let c(i) = i**3 + i**2 + 3*i - 13. What are the prime factors of c(6)?
257
Suppose -4*p + p + 9 = 0. Suppose 39 = p*f - 2*r, -f + r + 0 + 13 = 0. List the prime factors of f.
13
Let p(a) = -a**2 + 5*a - 2. Let y be p(4). Suppose 0 = -0*o + y*o - d, -2*o = -3*d + 4. What are the prime factors of -2 + o + (10 - 2)?
7
Let z(c) = c**2 - c + 7. Let u be z(0). Let h(s) = s**2 + s - 14. What are the prime factors of h(u)?
2, 3, 7
What are the prime factors of -4 - (-2 + 3)*-11?
7
Let u = 10 + -7. Suppose 5*k = -2 + 12. Suppose k*f - u = 3. List the prime factors of f.
3
Suppose 3*b - b = 0. Suppose b*h - 3*h = -6. List the prime factors of h.
2
Let g(v) = -v + 1. Let d be -2 + 2 + -3*1. Let q be (12/9)/(1/d). What are the prime factors of g(q)?
5
Let c(h) = -14*h - 1. What are the prime factors of c(-3)?
41
Suppose 2*w - 12 = m, -3*m = w - 0*m + 8. Let x(b) = 4*b**2 - 2*b + 1. Let k be x(1). Suppose -5 = -k*c + w. What are the prime factors of c?
3
Suppose 146 = 4*d + 2*o, 87 = 3*d + o - 23. Suppose d = m + 2. What are the prime factors of m?
5, 7
List the prime factors of 94*(-2 + -4 + (-68)/(-8)).
5, 47
Suppose j = 28 + 2. What are the prime factors of j?
2, 3, 5
Let o be (7/(-21))/(2/42). List the prime factors of o/28 - 21/(-4).
5
Let f(i) = i**3 - 7*i**2 + 4*i - 18. List the prime factors of f(7).
2, 5
Let c = 374 - 82. List the prime factors of c.
2, 73
Let x(w) = 3*w + 20. List the prime factors of x(18).
2, 37
Let n(m) = 2*m**2 - 14*m + 2. List the prime factors of n(10).
2, 31
List the prime factors of 164/10 + (-12)/30.
2
Suppose -2*i + 5*g = -33, 6*i + 4*g - 61 = 3*i. What are the prime factors of i?
19
Let i be (4/(-3))/((-4)/(-12)). Let y be 2 - (-1 - (i + 1)). List the prime factors of (y + 3 - 1)*1.
2
List the prime factors of 13 + -1 + 2 + -3.
11
Suppose -3*z - 205 = -8*z. Suppose -5*w + 4*q = -w + 60, -3*w = -4*q + z. Let j = -11 - w. What are the prime factors of j?
2
Let i = -5 + 5. Suppose i = -5*l + 40 + 40. What are the prime factors of l?
2
Let s be 1/2 + 39/6. Let b = -5 + s. Suppose 4 = t + b*l + 9, 0 = 5*t + 5*l. List the prime factors of t.
5
Let n(y) = y**3 + 12*y**2 - 18*y + 5. What are the prime factors of n(-13)?
2, 5, 7
Let i = 26 - -12. Let n = 64 - i. What are the prime factors of n?
2, 13
Suppose 0 = 4*h + 1 + 143. Let z be (-128)/5 + (-2)/5. Let m = z - h. What are the prime factors of m?
2, 5
Suppose 3*o = 3*x - 564, 6*o - 2*o = -5*x + 904. List the prime factors of x.
2, 23
Let y = 48 + -80. Let t = y + 66. What are the prime factors of t?
2, 17
Suppose -2*f = -0*f - 10. Suppose -n = 3*d - 14, f*d + 5*n - 35 = n. List the prime factors of 4 + 3*1/d.
5
List the prime factors of ((-66)/5 - 1)/(2/(-10)).
71
List the prime factors of 1/(((-8)/38)/(-4)).
19
Suppose 8 = -2*r - 2*c, -40 = 4*r + r - 5*c. Let t = 13 + r. Let l = 0 + t. What are the prime factors of l?
7
Suppose 0 = -3*q, -t - 3*q + 54 + 75 = 0. List the prime factors of t.
3, 43
What are the prime factors of (-8)/52 - 1956/(-39)?
2, 5
Let l = 355 + -205. List the prime factors of l.
2, 3, 5
Suppose 3 = x - 63. Let m = x - 44. Suppose -2*q - 5*d + m = 2*q, 5*d = -3*q + 19. List the prime factors of q.
3
Suppose -4*g + g + 45 = 0. List the prime factors of 81/g + 9/15.
2, 3
Suppose 0 = -m - 4*t + 1, -4*m - 5*t + 4 = -11. Suppose -2*q = -2*p + 3*q + 103, 0 = -m*q - 5. What are the prime factors of p?
7
Suppose 13 = -4*w + 33. List the prime factors of 68/w + 6/15.
2, 7
Let n = -34 + 20. List the prime factors of 8*n*(-2)/8.
2, 7
Let v(w) = w - 10. Let a be v(0). Let x = 26 + a. What are the prime factors of x?
2
Suppose 4*v + 8 = 24. Suppose 2*y - v*y + 56 = 0. Let u = -16 + y. What are the prime factors of u?
2, 3
Let l(d) = 23*d + 54. List the prime factors of l(7).
5, 43
Suppose 5*h + 135 = -150. Let w = -4 - h. Suppose -3*b - w = -5*a, 3*a + b - 31 = 2*b. What are the prime factors of a?
2, 5
Suppose 0 = u + p + 11, -u + 0*u - 10 = 2*p. Let s be (-30)/(-4)*(-16)/u. What are the prime factors of (-8)/s*10/(-4)?
2
Suppose l - 2*l - w = 4, 2*w + 24 = -4*l. Let y = -14 - l. What are the prime factors of 90/6*(-2)/y?
5
Suppose -7*r = 443 - 2011. List the prime factors of r.
2, 7
Suppose -5*k + 181 + 129 = 0. Suppose -5*y - k + 207 = 2*g, 5*y = 4*g - 365. Suppose -2*u - 3*u = -g. What are the prime factors of u?
17
Let p be 8 + (2 - (2 + 0)). Let k = p + -4. Suppose k*q - 8 = 3*q. What are the prime factors of q?
2
Let p(u) = -24*u - 1. Let g be p(-5). Let m = -66 + g. List the prime factors of m.
53
Let j(y) = -4*y + 41. What are the prime factors of j(-29)?
157
Suppose 2*f = -7 + 83. Suppose -4*q = -5*p - 161, -q + 2*q + p = f. List the prime factors of q.
3, 13
Suppose 3*b - 6*b = 30. List the prime factors of (-16)/b + (-6)/(-15).
2
Suppose 12 = 3*y, 2*y - 3*y = 5*n - 34. Suppose n - 1 = -h. Let v = -1 - h. List the prime factors of v.
2
Suppose -5*g = 2*i - 18, -2*i + 14 = -2*g + 6*g. Suppose 3*c = -0*c + 9. Suppose -g*r - 5*j - 17 = 0, -c = -r + j + 4. What are the prime factors of r?
2
Suppose -v - 4*v = -150. Suppose 3*f + v = 8*f. What are the prime factors of f?
2, 3
Let r be 3/(-2)*28/(-21). Suppose u - 5*g = 12, 5*u = -r*g + 22 + 65. List the prime factors of u.
17
Suppose 4*l = 5*s + 396, 4*l - s - 300 = 80. What are the prime factors of l?
2, 47
Suppose 16 = -5*o - 14. Let r = 1 - -7. List the prime factors of ((-12)/r)/(o/40).
2, 5
Let g be 45*(0/(-2) - -2). Suppose 5*b = -0*b + g. Suppose 5*k + 5*s - 25 = 0, -3*k + b = s + 5. What are the prime factors of k?
2
Let d(g) = g**2 - 4. Let i be d(0). Suppose 0*x + x + 4*y = 8, -4 = -4*y. Let l = x - i. What are the prime factors of l?
2
Let o = 17 - 3. Let z = 6 + o. Sup